 Let l(m) = m**3 + 6*m**2 - 5*m + 9. Suppose 2*u + 21 = -u. Let w be l(u). Give z(w).
7
Let g(d) = 6*d**2 + 2*d + 1. Let n be g(-1). Let r(i) = 3*i**2 + 3 + i + 3 - 2*i**2 + n*i. Let u = 5 + -9. Determine r(u).
-2
Let k(y) = -y + 6*y**2 + 4*y**3 - 5*y**3 - 2*y**2 + 6 - 2. Calculate k(3).
10
Let t(h) = h**2 - 7. Let c be 1 + 1/(3 + -4). Give t(c).
-7
Let w(x) be the first derivative of -1/2*x**2 - 1/4*x**4 + x - 4/3*x**3 - 3. Calculate w(-4).
5
Let s(h) = h - 5. Let v(u) = 3*u**2 - u - 4. Let z(a) = 2*a**2 - 3. Let l(x) = 4*v(x) - 5*z(x). Let f be l(3). Calculate s(f).
0
Suppose 3*s - 30 = -2*s. Let a(l) = -l**2 + 4*l + 7. Determine a(s).
-5
Let z = -3 + -1. Let m(y) = y**2 + 3*y - 2. What is m(z)?
2
Let j = 4 - 2. Let h(q) = -q**2 + 0*q**j + 0*q**2 - 2*q + 2 - 3*q. Determine h(-4).
6
Let v(j) = j**3 + 8*j**2 + 2*j + 10. Let u be v(-8). Let x(n) = -n - 12. Give x(u).
-6
Let m = 10 - 16. Let x(q) = q + 5. Let c(a) = 8*a - 10. Let j(n) = n. Let h(t) = -2*c(t) + 20*j(t). Let l(v) = -2*h(v) + 9*x(v). Calculate l(m).
-1
Let p(l) = 3*l + 7. Let y(m) = -12*m - 27. Let j(u) = 9*p(u) + 2*y(u). Let g = -53 - -47. Determine j(g).
-9
Let j(t) = t**2 - 7*t + 7. Suppose 2*k - 10 = -3*k. Let d be 4/6*21/2. Suppose -k*s = d - 17. Determine j(s).
-3
Let t(b) be the first derivative of b**2 + b + 1 - 4/3*b**3. What is t(-1)?
-5
Let y(r) = r - 5. Let o(s) = 2*s - 9. Let c(l) = -6*o(l) + 11*y(l). Give c(8).
-9
Let h(s) = -25 - s**2 + 45 - 8*s - 22. Calculate h(-8).
-2
Let i(h) be the first derivative of 5*h**2/2 + 1. Suppose -7 - 1 = -2*w. Let t = w + -5. What is i(t)?
-5
Suppose 3*f - 3*t - 3 - 3 = 0, 4*f + 2*t = 20. Suppose f - 19 = 3*h. Let q(z) be the first derivative of -z**3/3 - 4*z**2 - 7*z - 4. Determine q(h).
8
Let x = 93 + -91. Let k(l) = -l**2 + 2*l + 1. Determine k(x).
1
Suppose -1 = -3*q - 5*u, -2*q + 2*u = -3*q. Let m(x) be the second derivative of -x**3/6 + x**2/2 + x. What is m(q)?
-1
Let h(p) = p**3 - 4*p**2 - p - 2. Suppose 0 = 2*t - 4*m + 40, 1 + 4 = 5*m. Let k = -14 - t. Calculate h(k).
-6
Let l = -8 - -12. Suppose -p + l = -1. Let k(f) = -f + 3. Calculate k(p).
-2
Let h(q) = q**2 + 6*q. Let w be (-2 + 2 - 3) + 0. Let p be -2 - (0 - w - 0). Determine h(p).
-5
Let s be (-8)/(-36) - 14/(-18). Let q(z) = z + z + s + z + 2*z. What is q(-1)?
-4
Let l be -2*1/4*-8. Let x be ((-2)/(-1))/(-2) + 4. Let v(n) = -1 + n - x*n + l*n. What is v(-1)?
-3
Let n(o) be the third derivative of o**6/120 + 3*o**5/20 + o**3 + 6*o**2. Determine n(-9).
6
Let n(g) = g**2 - 3*g - 12. Let z be n(5). Let c(p) = p**2 - p. What is c(z)?
6
Let k(a) = -a**3 - 15*a**2 + 15*a - 12. Let b be k(-16). Let z be (-4)/14 + 37/7. Let h(r) = 0*r**3 + 5*r**2 - 2*r - r - z - r**3. Give h(b).
-1
Suppose -2*d = -d - 3. Let q(k) be the second derivative of 1/12*k**4 - 1/2*k**3 + 0 - k - k**2. Determine q(d).
-2
Let a = 8 - 4. Let w(p) = -2 - 6 - a*p + 7*p + 6*p - p**2. Give w(6).
10
Let u be (1/(-3))/(8/(-72)). Suppose 3 = -u*w - 3. Let q(g) be the third derivative of g**5/60 - g**3/3 - g**2. Give q(w).
2
Let w(a) = -a. Let u(o) = -1. Let t(m) = 4*u(m) + w(m). Let c be t(-3). Let s(y) = 6*y**3 - y. Determine s(c).
-5
Let f(q) = -2*q - 2. Let h(o) = 3*o + 3. Let k(m) = -5*f(m) - 3*h(m). Let w(t) = -4*t + t**3 + 2 + 4*t + 11*t**2. Let y be w(-11). Determine k(y).
3
Let h(o) = -o**3 + 10*o**2 - 11*o + 11. Let i(f) = -2*f**3 + 19*f**2 - 21*f + 21. Let n = 4 + 0. Let p(y) = n*i(y) - 7*h(y). Determine p(5).
-3
Let x = -8 - -11. Let m(n) = x + n + 0*n - 2*n. Give m(6).
-3
Let l(v) = 2 - v**2 + 0*v - 3 + 5*v. Suppose 0 = -4*a + o + 11, a + o - 12 = -3. Suppose a = 2*s - 6. What is l(s)?
-1
Let p(n) = -12*n + 13*n + 8 + 0. What is p(-7)?
1
Suppose -2*z + 60 = z. Suppose -2*s - 3*s - z = 0. Let f(u) = 2*u. Determine f(s).
-8
Let l(y) = -18*y + 11*y + 9*y. Give l(-3).
-6
Let j(a) = a**3 + 3*a**2 + 4 - 7 + 2 - a. Calculate j(-4).
-13
Let z(a) = -4*a**2 + 26 + 3*a**2 - 22 + 6*a. Calculate z(6).
4
Let k(u) = -2*u**3 - 2*u**2 - u. Suppose -4*r = 6 - 2. Determine k(r).
1
Let a be (1 + -1)*2/4. Let t(i) = 4*i**2 + 3*i**3 + a*i**2 - 3*i + 3 - 4*i**3. Suppose 6 = -j + 2*c, -19 - 1 = -4*j - 3*c. Determine t(j).
5
Let q(a) = 0*a + 3 + a - a**3 - 4*a**3 + 7*a**2 + 4*a**3. What is q(7)?
10
Let l be -1 + -4 + (2 - 2). Let w = 7 + l. Let n = 0 + w. Let b(h) = h**3 - h**2 - 2*h. Give b(n).
0
Let u be (92/(-138))/((-1)/(-6)). Let l(i) = -i. Let m(n) = -4*n - 2. Let h(v) = -v**2 + 4. Let k be h(-3). Let a(b) = k*l(b) + m(b). Determine a(u).
-6
Let y(r) = -1. Let v(k) = -k**2 + 6*k + 1. Let l(j) = v(j) + 5*y(j). Calculate l(5).
1
Let f = 7 - 7. Suppose 4*h + f*h = 0. Let u(t) = t**3 + t + 2. Calculate u(h).
2
Suppose 2*w = -2*x - 6, w = 3*w - 3*x + 11. Let j(b) be the second derivative of 0 + b**2 + b**3 + 1/12*b**4 + 8*b. Give j(w).
-6
Let l(x) be the first derivative of 0*x - 1/2*x**2 + 1 + 1/120*x**6 - 1/8*x**4 - 1/3*x**3 - 1/20*x**5. Let u(f) be the second derivative of l(f). What is u(4)?
2
Let y(v) = v**3 + 5*v**2 + v + 7. Let h be y(-5). Let t(k) = -8*k + 6 + 2*k + 4*k**h + k - 3*k**2. Give t(4).
2
Let u(n) = n**3 - 5*n**2 - 8*n + 4. Let c = -85 + 91. Determine u(c).
-8
Let m(h) = h**3 + 6*h**2 - 9*h + 6. Let z be m(-7). Let o be (-115)/z - (-6)/8. Let w(s) = -s**2 - 4*s - 1. Give w(o).
-6
Let i(a) = a**3 - 4*a**2 + a. Let t(y) = y**3 - 3*y**2 - 4*y - 2. Let m be t(-2). Let g be 6/(-21) - 32/m. What is i(g)?
-6
Let r(u) = -7*u**2 - 1 + 5 - u**3 + 1 - 2. Give r(-7).
3
Let n(i) = 5*i**3 - i**2 - 2*i - 1. Let u be 11*-2*1/(-2). Suppose -u - 9 = -5*d. Let a be ((-2)/d)/((-1)/(-2)). Determine n(a).
-5
Let z(x) be the third derivative of -x**6/120 + x**5/30 - x**4/8 - x**3/3 - 9*x**2. Give z(3).
-20
Suppose 2 + 6 = 2*h. Suppose -4 = 3*a - h*a. Let z(c) = 22*c - 28. Let b(t) = -7*t + 9. Let m(u) = 16*b(u) + 5*z(u). Give m(a).
-4
Let z(i) = 3*i**2 + i**2 + 6 - 2 - i**3. Let f = 2 - -2. Give z(f).
4
Suppose -11 = 4*j - 3, -14 = 2*o + 5*j. Let u(a) = 8*a**2 + a. Give u(o).
30
Let l = 58 + -60. Let q(r) = -r**2 + r - 1. Calculate q(l).
-7
Let f(j) = j. Suppose s = -0*s + 5, -3*s + 25 = -2*g. Give f(g).
-5
Let m(x) = 2*x - 1 + 1 + 0*x - 2. Calculate m(6).
10
Let c(h) = -2*h + 2. Let g(d) = 3*d - 3. Let a(x) = -7*c(x) - 5*g(x). Suppose 0 = 7*m - 4*m. Suppose 5*u + m*w = -2*w + 16, 2*u - w = 1. Give a(u).
-1
Suppose b - 6*b = 0. Suppose 6*m - m = b. Suppose 2*c - 3 - 5 = m. Let t(g) = -g**2 + 5*g + 2. Give t(c).
6
Let u(g) be the third derivative of -1/12*g**4 - 1/12*g**5 + 3*g**2 + 0*g - 1/120*g**6 + 0 - 1/3*g**3. What is u(-5)?
8
Let y = 18 - 7. Suppose -i = 5*b - b + 14, i - b = y. Let n(d) = -d + 4. What is n(i)?
-2
Let h(c) = -7*c**2 - 2*c. Let f(j) = -8*j**2 - 3*j. Let r(d) = -d**2 + 4*d - 2. Let v be r(5). Let o(i) = v*h(i) + 6*f(i). Calculate o(3).
-3
Let s(a) = -a**2 - 5*a. Let i(n) = -n**2 + 7*n + 38. Let u be i(11). What is s(u)?
-6
Let m(v) = -v**2 - 7*v + 9. Let q(g) = -g + 1. Let u be ((-2)/3)/(2/(-3)). Let h(w) = u*m(w) - 6*q(w). Determine h(-3).
-3
Let q(s) = -s**3 + 3*s**2 + 4*s + 9. Let a(x) = 2*x**3 - 7*x**2 - 9*x - 17. Let y(z) = -3*a(z) - 5*q(z). What is y(7)?
6
Let t(p) be the third derivative of -p**4/24 + 8*p**3/3 + 32*p**2. What is t(9)?
7
Let u(g) = 7*g - 3 + 2*g**2 - 2*g - 2*g. Suppose 6*q = 2*q - 8, 4*y + 2 = 5*q. Determine u(y).
6
Suppose 4*s - 5 = 5*s. Let l(d) = -d**3 - 11*d**2 + 1. Let q(b) = b**3 + 12*b**2 - b - 1. Let k(c) = s*l(c) - 4*q(c). Calculate k(-6).
11
Let y(r) = r - 13. Suppose -2*j = -0*j - 18. Let f be y(j). Let x(c) = -c**3 - 5*c**2 - 7*c - 6. Give x(f).
6
Let x = -11 - -7. Suppose -2*v = 4*d - 12, -6*v + 2*v - 5*d + 15 = 0. Let j(a) = 8 + a**3 + v*a**3 - 2 + 5*a**2 + 0*a**3 + 4*a. Determine j(x).
6
Let h(r) = 4*r. Suppose -4*p = -3 + 11. Calculate h(p).
-8
Let n(z) = -5*z**2 + 2*z + 3. Let c(s) = -2*s**2 + s + 1. Let h(v) = -7*c(v) + 3*n(v). Give h(-4).
-10
Let z(j) = j**3 + 5*j**2 + 3*j - 5. Let h be z(-4). Let p(u) = u + 2. Calculate p(h).
1
Let x(u) = u - 8. Let l = 8 - 2. Determine x(l).
-2
Let n(z) = -4*z**2 + 4*z - 5. Let k(m) = 7*m**2 - 8*m + 9. Let b(c) = -3*k(c) - 5*n(c). Suppose -44 = -0*f - 11*f. Determine b(f).
-2
Let y(h) = -13 - 8*h + 4*h + 5*h. Give y(7).
-6
Let a(d) = -16*d + 19*d - 3 + 1. Calculate a(-4).
-14
Let f(a) = -2*a**2 + 6*a. Let l(z) = -3*z**2 + 11*